{"id":24777,"date":"2019-09-11T11:14:34","date_gmt":"2019-09-11T11:14:34","guid":{"rendered":"http:\/\/www.sembullyingsemviolencia.edu.gov.pt\/?page_id=24777"},"modified":"2019-10-14T15:37:04","modified_gmt":"2019-10-14T15:37:04","slug":"pais-encarregados-de-educacao","status":"publish","type":"page","link":"https:\/\/www.sembullyingsemviolencia.edu.gov.pt\/?page_id=24777","title":{"rendered":"Encarregados de Educa\u00e7\u00e3o"},"content":{"rendered":"<div class=\"wpb-content-wrapper\"><p>[vc_row][vc_column]<div class=\"clearboth\"><\/div><div id=\"thegem-divider-69f450c940974\" class=\"gem-divider  \" style=\"\" ><\/div>[vc_single_image image=&#8221;25582&#8243; alignment=&#8221;center&#8221; style=&#8221;vc_box_rounded&#8221;][\/vc_column][\/vc_row][vc_row][vc_column width=&#8221;1\/2&#8243;][vc_column_text]<\/p>\n<h5><span style=\"color: #f5b731;\"><strong>O que \u00e9 o <em>bullying<\/em>?<\/strong><\/span><\/h5>\n<p>\u00c9 um comportamento:<\/p>\n<ul>\n<li>Adotado <strong>entre pares<\/strong>;<\/li>\n<li><strong>Agressivo e intencional<\/strong>;<\/li>\n<li><strong>repetido<\/strong>;<\/li>\n<li>Envolvendo <strong>desigualdade e abuso de poder<\/strong>.<\/li>\n<\/ul>\n<h5><span style=\"color: #f5b731;\"><strong>tipos de <em>bullying<\/em>?<\/strong><\/span><\/h5>\n<ul>\n<li><strong>F\u00edsico:<\/strong> roubar ou destruir objetos pessoais, bater, empurrar, cercar, perseguir a v\u00edtima;<\/li>\n<li><strong>Verbal:<\/strong> difamar, provocar, amea\u00e7ar, insultar, gozar, colocar alcunhas maldosas;<\/li>\n<li><strong>Sexual: <\/strong>assediar, abusar ou tocar de forma n\u00e3o consentida, indesejada e inapropriada;<\/li>\n<li><strong>Psicol\u00f3gico:<\/strong> coagir, intimidar, discriminar, humilhar;<\/li>\n<li><strong><em>Ciberbullying<\/em><\/strong><strong>:<\/strong> adotar os comportamentos acima referidos (\u00e0 exce\u00e7\u00e3o dos f\u00edsicos), atrav\u00e9s das tecnologias da informa\u00e7\u00e3o e comunica\u00e7\u00e3o.<\/li>\n<\/ul>\n<p>Os comportamentos de <em>bullying<\/em> podem encaixar-se simultaneamente em mais do que um destes tipos.<\/p>\n<h5><span style=\"color: #f5b731;\"><strong>Quem s\u00e3o os intervenientes?<\/strong><\/span><\/h5>\n<p>[\/vc_column_text][vc_column_text css=&#8221;.vc_custom_1571067404177{background-image: url(http:\/\/www.sembullyingsemviolencia.edu.gov.pt\/wp-content\/uploads\/2019\/10\/FundoEE2.png?id=26101) !important;background-position: center !important;background-repeat: no-repeat !important;background-size: cover !important;}&#8221;]<\/p>\n<ul>\n<li><span style=\"color: #000000;\">A v\u00edtima (quem sofre as agress\u00f5es)<\/span><\/li>\n<li><span style=\"color: #000000;\">O agressor (quem agride)<\/span><\/li>\n<li><span style=\"color: #000000;\">O observador (quem assiste)<\/span>\n<ul>\n<li><span style=\"color: #000000;\">Os apoiantes do agressor, os indiferentes e os defensores da v\u00edtima<\/span><\/li>\n<\/ul>\n<\/li>\n<\/ul>\n<p>[\/vc_column_text][vc_column_text]<\/p>\n<h5><span style=\"color: #f5b731;\"><strong>O seu educando pode estar a ser v\u00edtima de <em>bullying<\/em> ou <em>ciberbullying?<\/em><\/strong><\/span><\/h5>\n<p><strong>Sintomas a ter em aten\u00e7\u00e3o<\/strong><\/p>\n<ul>\n<li>Tristeza, apatia e isolamento;<\/li>\n<li>Diminui\u00e7\u00e3o da autoestima e autoconfian\u00e7a;<\/li>\n<li>Desmotiva\u00e7\u00e3o e baixa de rendimento escolar;<\/li>\n<li>Perturba\u00e7\u00f5es alimentares (anorexia\/bulimia) e do sono (ins\u00f3nias e pesadelos);<\/li>\n<li>Perturba\u00e7\u00f5es face ao uso do telem\u00f3vel ou do computador;<\/li>\n<li>Ansiedade, depress\u00e3o e comportamentos autolesivos.<\/li>\n<\/ul>\n<p>(No limite, em alguns casos, pode levar \u00e0 idea\u00e7\u00e3o suicida ou mesmo suic\u00eddio)[\/vc_column_text][\/vc_column][vc_column width=&#8221;1\/2&#8243;][vc_column_text]<\/p>\n<h5><span style=\"color: #f5b731;\"><strong>O que n\u00e3o se pode dizer a uma v\u00edtima<\/strong><\/span><\/h5>\n<p>[\/vc_column_text][vc_column_text css=&#8221;.vc_custom_1570877473152{background-image: url(http:\/\/www.sembullyingsemviolencia.edu.gov.pt\/wp-content\/uploads\/2019\/10\/bkg-laranja-claro-sepia.png?id=26082) !important;background-position: center !important;background-repeat: no-repeat !important;background-size: cover !important;}&#8221;]<\/p>\n<ul>\n<li><span style=\"color: #000000;\"><em>Se eles te batem, bate-lhes tamb\u00e9m!<\/em><\/span><\/li>\n<li><span style=\"color: #000000;\"><em>Ignora esses ataques!<\/em><\/span><\/li>\n<li><span style=\"color: #000000;\"><em>Evita esses colegas!<\/em><\/span><\/li>\n<li><span style=\"color: #000000;\"><em>Isso s\u00e3o coisas de crian\u00e7a\u2026<\/em><\/span><\/li>\n<li><span style=\"color: #000000;\"><em>Tens de saber defender-te!<\/em><\/span><\/li>\n<li><span style=\"color: #000000;\"><em>Precisas de ser forte!<\/em><\/span><\/li>\n<li><span style=\"color: #000000;\"><em>Est\u00e1s a fazer um drama do caso\u2026<\/em><\/span><\/li>\n<li><span style=\"color: #000000;\"><em>Isso \u00e9 uma fase, isso passa!<\/em><\/span><\/li>\n<\/ul>\n<p>[\/vc_column_text][vc_column_text]<\/p>\n<h5><span style=\"color: #f5b731;\"><strong>\u00a0Se o seu educando for v\u00edtima de <em>bullying\/ciberbullying<\/em>?<\/strong><\/span><\/h5>\n<ul>\n<li>Mantenha a calma e avalie a situa\u00e7\u00e3o;<\/li>\n<li>Leve as amea\u00e7as a s\u00e9rio, recolha e guarde provas;<\/li>\n<li>Registe o hist\u00f3rico dos incidentes;<\/li>\n<li>Reporte e solicite a colabora\u00e7\u00e3o dos respons\u00e1veis pelo espa\u00e7o onde ocorreu a a\u00e7\u00e3o;<\/li>\n<li>Contacte as autoridades competentes, se necess\u00e1rio;<\/li>\n<li>Denuncie\/bloqueie agressores (em caso de <em>ciberbullying<\/em>);<\/li>\n<li>Reveja defini\u00e7\u00f5es de privacidade e seguran\u00e7a (em caso de <em>ciberbullying<\/em>);<\/li>\n<li>Se necess\u00e1rio, procure ajuda especializada.<\/li>\n<\/ul>\n<h5><span style=\"color: #f5b731;\"><strong>Se o seu educando for agressor?<\/strong><\/span><\/h5>\n<ul>\n<li>Reconhe\u00e7a o problema e mantenha a calma;<\/li>\n<li>Mostre-se dispon\u00edvel para o di\u00e1logo;<\/li>\n<li>Compreenda a origem do comportamento;<\/li>\n<li>Informe-se sobre o caso, nomeadamente junto dos respons\u00e1veis pelo espa\u00e7o onde ocorreu a a\u00e7\u00e3o;<\/li>\n<li>Promova respeito e empatia face \u00e0s v\u00edtimas;<\/li>\n<li>Recorra a ferramentas de controlo parental, se necess\u00e1rio;<\/li>\n<li>Partilhe as suas preocupa\u00e7\u00f5es com algu\u00e9m da sua confian\u00e7a;<\/li>\n<li>Restrinja o acesso \u00e0s tecnologias, se necess\u00e1rio.<\/li>\n<\/ul>\n<h5><span style=\"color: #f5b731;\"><strong>\u00a0Se o seu educando testemunhar um caso de <em>bullying\/ciberbullying?<\/em><\/strong><\/span><\/h5>\n<p>Explique-lhe que deve:<\/p>\n<ul>\n<li>Denunciar estes comportamentos;<\/li>\n<li>Procurar um adulto e identificar a v\u00edtima;<\/li>\n<li>Intervir, apoiando e protegendo a v\u00edtima;<\/li>\n<li>Anotar onde, quando e quem esteve envolvido;<\/li>\n<li>Pensar e partilhar com os colegas uma estrat\u00e9gia de interven\u00e7\u00e3o;<\/li>\n<li>Desencorajar a partilha e o reenvio de mensagens que potenciem o <em>ciberbullying<\/em>.<\/li>\n<\/ul>\n<p>[\/vc_column_text][\/vc_column][\/vc_row][vc_row][vc_column][vc_tta_accordion style=&#8221;modern&#8221; color=&#8221;orange&#8221; active_section=&#8221;&#8221; collapsible_all=&#8221;true&#8221;][vc_tta_section title=&#8221;Folheto Informativo&#8221; tab_id=&#8221;1570901312861-687e89f0-e6d0&#8243;][vc_gallery type=&#8221;image_grid&#8221; images=&#8221;25870&#8243; onclick=&#8221;custom_link&#8221; custom_links_target=&#8221;_blank&#8221; custom_links=&#8221;#E-8_aHR0cCUzQSUyRiUyRnd3dy5zZW1idWxseWluZ3NlbXZpb2xlbmNpYS5lZHUuZ292LnB0JTJGd3AtY29udGVudCUyRnVwbG9hZHMlMkYyMDE5JTJGMTAlMkZGb2xoZXRvLUVuY2FycmVnYWRvcy1kZS1FZHVjYSVDMyVBNyVFMiU5NSU5RW8ucGRm&#8221;][\/vc_tta_section][\/vc_tta_accordion][\/vc_column][\/vc_row][vc_row][vc_column css=&#8221;.vc_custom_1570955611600{background-image: url(http:\/\/www.sembullyingsemviolencia.edu.gov.pt\/wp-content\/uploads\/2019\/10\/bkg-laranja-claro.png?id=25588) !important;background-position: center !important;background-repeat: no-repeat !important;background-size: cover !important;}&#8221;][vc_column_text]<strong><span style=\"color: #000000;\"><img class=\"alignnone wp-image-24926\" src=\"http:\/\/www.sembullyingsemviolencia.edu.gov.pt\/wp-content\/uploads\/2019\/09\/logo_APAV-150x121.png\" alt=\"\" width=\"70\" height=\"56\" srcset=\"https:\/\/www.sembullyingsemviolencia.edu.gov.pt\/wp-content\/uploads\/2019\/09\/logo_APAV-150x121.png 150w, https:\/\/www.sembullyingsemviolencia.edu.gov.pt\/wp-content\/uploads\/2019\/09\/logo_APAV.png 151w\" sizes=\"(max-width: 70px) 100vw, 70px\" \/>Pode sempre procurar a ajuda da APAV ligando\u00a0 para o n\u00famero gr\u00e1tis 116 006 ou visitando o <a style=\"color: #000000;\" href=\"http:\/\/www.apavparajovens.pt\/pt\/\" target=\"_blank\" rel=\"noopener noreferrer\"><u>site<\/u><\/a>.<\/span><\/strong>[\/vc_column_text][\/vc_column][\/vc_row]<\/p>\n<\/div>","protected":false},"excerpt":{"rendered":"<p>[vc_row][vc_column][vc_single_image image=&#8221;25582&#8243; alignment=&#8221;center&#8221; style=&#8221;vc_box_rounded&#8221;][\/vc_column][\/vc_row][vc_row][vc_column width=&#8221;1\/2&#8243;][vc_column_text] O que \u00e9 o bullying? \u00c9 um comportamento: Adotado entre pares; Agressivo e intencional; repetido;&#8230;<\/p>\n","protected":false},"author":1,"featured_media":0,"parent":24677,"menu_order":0,"comment_status":"closed","ping_status":"closed","template":"","meta":{"footnotes":"","_links_to":"","_links_to_target":""},"class_list":["post-24777","page","type-page","status-publish"],"_links":{"self":[{"href":"https:\/\/www.sembullyingsemviolencia.edu.gov.pt\/index.php?rest_route=\/wp\/v2\/pages\/24777","targetHints":{"allow":["GET"]}}],"collection":[{"href":"https:\/\/www.sembullyingsemviolencia.edu.gov.pt\/index.php?rest_route=\/wp\/v2\/pages"}],"about":[{"href":"https:\/\/www.sembullyingsemviolencia.edu.gov.pt\/index.php?rest_route=\/wp\/v2\/types\/page"}],"author":[{"embeddable":true,"href":"https:\/\/www.sembullyingsemviolencia.edu.gov.pt\/index.php?rest_route=\/wp\/v2\/users\/1"}],"replies":[{"embeddable":true,"href":"https:\/\/www.sembullyingsemviolencia.edu.gov.pt\/index.php?rest_route=%2Fwp%2Fv2%2Fcomments&post=24777"}],"version-history":[{"count":68,"href":"https:\/\/www.sembullyingsemviolencia.edu.gov.pt\/index.php?rest_route=\/wp\/v2\/pages\/24777\/revisions"}],"predecessor-version":[{"id":26544,"href":"https:\/\/www.sembullyingsemviolencia.edu.gov.pt\/index.php?rest_route=\/wp\/v2\/pages\/24777\/revisions\/26544"}],"up":[{"embeddable":true,"href":"https:\/\/www.sembullyingsemviolencia.edu.gov.pt\/index.php?rest_route=\/wp\/v2\/pages\/24677"}],"wp:attachment":[{"href":"https:\/\/www.sembullyingsemviolencia.edu.gov.pt\/index.php?rest_route=%2Fwp%2Fv2%2Fmedia&parent=24777"}],"curies":[{"name":"wp","href":"https:\/\/api.w.org\/{rel}","templated":true}]}}

Encarregados de Educação

<div class="wpb-content-wrapper"><p>[vc_row][vc_column]<div class="clearboth"></div><div id="thegem-divider-69f450c940974" class="gem-divider  " style="" ></div>[vc_single_image image=&#8221;25582&#8243; alignment=&#8221;center&#8221; style=&#8221;vc_box_rounded&#8221;][/vc_column][/vc_row][vc_row][vc_column width=&#8221;1/2&#8243;][vc_column_text]</p>
<h5><span style="color: #f5b731;"><strong>O que é o <em>bullying</em>?</strong></span></h5>
<p>É um comportamento:</p>
<ul>
<li>Adotado <strong>entre pares</strong>;</li>
<li><strong>Agressivo e intencional</strong>;</li>
<li><strong>repetido</strong>;</li>
<li>Envolvendo <strong>desigualdade e abuso de poder</strong>.</li>
</ul>
<h5><span style="color: #f5b731;"><strong>tipos de <em>bullying</em>?</strong></span></h5>
<ul>
<li><strong>Físico:</strong> roubar ou destruir objetos pessoais, bater, empurrar, cercar, perseguir a vítima;</li>
<li><strong>Verbal:</strong> difamar, provocar, ameaçar, insultar, gozar, colocar alcunhas maldosas;</li>
<li><strong>Sexual: </strong>assediar, abusar ou tocar de forma não consentida, indesejada e inapropriada;</li>
<li><strong>Psicológico:</strong> coagir, intimidar, discriminar, humilhar;</li>
<li><strong><em>Ciberbullying</em></strong><strong>:</strong> adotar os comportamentos acima referidos (à exceção dos físicos), através das tecnologias da informação e comunicação.</li>
</ul>
<p>Os comportamentos de <em>bullying</em> podem encaixar-se simultaneamente em mais do que um destes tipos.</p>
<h5><span style="color: #f5b731;"><strong>Quem são os intervenientes?</strong></span></h5>
<p>[/vc_column_text][vc_column_text css=&#8221;.vc_custom_1571067404177{background-image: url(http://www.sembullyingsemviolencia.edu.gov.pt/wp-content/uploads/2019/10/FundoEE2.png?id=26101) !important;background-position: center !important;background-repeat: no-repeat !important;background-size: cover !important;}&#8221;]</p>
<ul>
<li><span style="color: #000000;">A vítima (quem sofre as agressões)</span></li>
<li><span style="color: #000000;">O agressor (quem agride)</span></li>
<li><span style="color: #000000;">O observador (quem assiste)</span>
<ul>
<li><span style="color: #000000;">Os apoiantes do agressor, os indiferentes e os defensores da vítima</span></li>
</ul>
</li>
</ul>
<p>[/vc_column_text][vc_column_text]</p>
<h5><span style="color: #f5b731;"><strong>O seu educando pode estar a ser vítima de <em>bullying</em> ou <em>ciberbullying?</em></strong></span></h5>
<p><strong>Sintomas a ter em atenção</strong></p>
<ul>
<li>Tristeza, apatia e isolamento;</li>
<li>Diminuição da autoestima e autoconfiança;</li>
<li>Desmotivação e baixa de rendimento escolar;</li>
<li>Perturbações alimentares (anorexia/bulimia) e do sono (insónias e pesadelos);</li>
<li>Perturbações face ao uso do telemóvel ou do computador;</li>
<li>Ansiedade, depressão e comportamentos autolesivos.</li>
</ul>
<p>(No limite, em alguns casos, pode levar à ideação suicida ou mesmo suicídio)[/vc_column_text][/vc_column][vc_column width=&#8221;1/2&#8243;][vc_column_text]</p>
<h5><span style="color: #f5b731;"><strong>O que não se pode dizer a uma vítima</strong></span></h5>
<p>[/vc_column_text][vc_column_text css=&#8221;.vc_custom_1570877473152{background-image: url(http://www.sembullyingsemviolencia.edu.gov.pt/wp-content/uploads/2019/10/bkg-laranja-claro-sepia.png?id=26082) !important;background-position: center !important;background-repeat: no-repeat !important;background-size: cover !important;}&#8221;]</p>
<ul>
<li><span style="color: #000000;"><em>Se eles te batem, bate-lhes também!</em></span></li>
<li><span style="color: #000000;"><em>Ignora esses ataques!</em></span></li>
<li><span style="color: #000000;"><em>Evita esses colegas!</em></span></li>
<li><span style="color: #000000;"><em>Isso são coisas de criança…</em></span></li>
<li><span style="color: #000000;"><em>Tens de saber defender-te!</em></span></li>
<li><span style="color: #000000;"><em>Precisas de ser forte!</em></span></li>
<li><span style="color: #000000;"><em>Estás a fazer um drama do caso…</em></span></li>
<li><span style="color: #000000;"><em>Isso é uma fase, isso passa!</em></span></li>
</ul>
<p>[/vc_column_text][vc_column_text]</p>
<h5><span style="color: #f5b731;"><strong> Se o seu educando for vítima de <em>bullying/ciberbullying</em>?</strong></span></h5>
<ul>
<li>Mantenha a calma e avalie a situação;</li>
<li>Leve as ameaças a sério, recolha e guarde provas;</li>
<li>Registe o histórico dos incidentes;</li>
<li>Reporte e solicite a colaboração dos responsáveis pelo espaço onde ocorreu a ação;</li>
<li>Contacte as autoridades competentes, se necessário;</li>
<li>Denuncie/bloqueie agressores (em caso de <em>ciberbullying</em>);</li>
<li>Reveja definições de privacidade e segurança (em caso de <em>ciberbullying</em>);</li>
<li>Se necessário, procure ajuda especializada.</li>
</ul>
<h5><span style="color: #f5b731;"><strong>Se o seu educando for agressor?</strong></span></h5>
<ul>
<li>Reconheça o problema e mantenha a calma;</li>
<li>Mostre-se disponível para o diálogo;</li>
<li>Compreenda a origem do comportamento;</li>
<li>Informe-se sobre o caso, nomeadamente junto dos responsáveis pelo espaço onde ocorreu a ação;</li>
<li>Promova respeito e empatia face às vítimas;</li>
<li>Recorra a ferramentas de controlo parental, se necessário;</li>
<li>Partilhe as suas preocupações com alguém da sua confiança;</li>
<li>Restrinja o acesso às tecnologias, se necessário.</li>
</ul>
<h5><span style="color: #f5b731;"><strong> Se o seu educando testemunhar um caso de <em>bullying/ciberbullying?</em></strong></span></h5>
<p>Explique-lhe que deve:</p>
<ul>
<li>Denunciar estes comportamentos;</li>
<li>Procurar um adulto e identificar a vítima;</li>
<li>Intervir, apoiando e protegendo a vítima;</li>
<li>Anotar onde, quando e quem esteve envolvido;</li>
<li>Pensar e partilhar com os colegas uma estratégia de intervenção;</li>
<li>Desencorajar a partilha e o reenvio de mensagens que potenciem o <em>ciberbullying</em>.</li>
</ul>
<p>[/vc_column_text][/vc_column][/vc_row][vc_row][vc_column][vc_tta_accordion style=&#8221;modern&#8221; color=&#8221;orange&#8221; active_section=&#8221;&#8221; collapsible_all=&#8221;true&#8221;][vc_tta_section title=&#8221;Folheto Informativo&#8221; tab_id=&#8221;1570901312861-687e89f0-e6d0&#8243;][vc_gallery type=&#8221;image_grid&#8221; images=&#8221;25870&#8243; onclick=&#8221;custom_link&#8221; custom_links_target=&#8221;_blank&#8221; custom_links=&#8221;#E-8_aHR0cCUzQSUyRiUyRnd3dy5zZW1idWxseWluZ3NlbXZpb2xlbmNpYS5lZHUuZ292LnB0JTJGd3AtY29udGVudCUyRnVwbG9hZHMlMkYyMDE5JTJGMTAlMkZGb2xoZXRvLUVuY2FycmVnYWRvcy1kZS1FZHVjYSVDMyVBNyVFMiU5NSU5RW8ucGRm&#8221;][/vc_tta_section][/vc_tta_accordion][/vc_column][/vc_row][vc_row][vc_column css=&#8221;.vc_custom_1570955611600{background-image: url(http://www.sembullyingsemviolencia.edu.gov.pt/wp-content/uploads/2019/10/bkg-laranja-claro.png?id=25588) !important;background-position: center !important;background-repeat: no-repeat !important;background-size: cover !important;}&#8221;][vc_column_text]<strong><span style="color: #000000;"><img class="alignnone wp-image-24926" src="http://www.sembullyingsemviolencia.edu.gov.pt/wp-content/uploads/2019/09/logo_APAV-150x121.png" alt="" width="70" height="56" srcset="https://www.sembullyingsemviolencia.edu.gov.pt/wp-content/uploads/2019/09/logo_APAV-150x121.png 150w, https://www.sembullyingsemviolencia.edu.gov.pt/wp-content/uploads/2019/09/logo_APAV.png 151w" sizes="(max-width: 70px) 100vw, 70px" />Pode sempre procurar a ajuda da APAV ligando  para o número grátis 116 006 ou visitando o <a style="color: #000000;" href="http://www.apavparajovens.pt/pt/" target="_blank" rel="noopener noreferrer"><u>site</u></a>.</span></strong>[/vc_column_text][/vc_column][/vc_row]</p>
</div>

<p>[vc_row][vc_column][vc_single_image image=&#8221;25582&#8243; alignment=&#8221;center&#8221; style=&#8221;vc_box_rounded&#8221;][/vc_column][/vc_row][vc_row][vc_column width=&#8221;1/2&#8243;][vc_column_text] O que é o bullying? É um comportamento: Adotado entre pares; Agressivo e intencional; repetido;&#8230;</p>
