{"id":26031,"date":"2019-10-12T08:24:42","date_gmt":"2019-10-12T08:24:42","guid":{"rendered":"http:\/\/www.sembullyingsemviolencia.edu.gov.pt\/?page_id=26031"},"modified":"2020-11-26T14:07:56","modified_gmt":"2020-11-26T14:07:56","slug":"homepage","status":"publish","type":"page","link":"https:\/\/www.sembullyingsemviolencia.edu.gov.pt\/","title":{"rendered":"Homepage"},"content":{"rendered":"<div class=\"wpb-content-wrapper\"><p>[vc_row full_width=&#8221;stretch_row_content_no_spaces&#8221; full_height=&#8221;yes&#8221; columns_placement=&#8221;top&#8221; content_placement=&#8221;middle&#8221; awb_type=&#8221;video&#8221; awb_image_background_position=&#8221;50% 50%&#8221; awb_video_always_play=&#8221;1&#8243; css=&#8221;.vc_custom_1606399773008{margin-top: 0px !important;margin-bottom: 0px !important;padding-top: 0px !important;padding-bottom: 0px !important;background-position: center !important;background-repeat: no-repeat !important;background-size: contain !important;}&#8221; vidbg_vc_webm=&#8221;https:\/\/www.youtube.com\/watch?v=oSAPIx75aPc&#8221; vidbg_vc_poster=&#8221;26301&#8243; awb_video_start_time=&#8221;0&#8243; awb_image=&#8221;26531&#8243; awb_video_mp4=&#8221;27133&#8243;][vc_column el_sticky=&#8221;1&#8243; css=&#8221;.vc_custom_1570459653194{padding-top: 0px !important;padding-bottom: 0px !important;}&#8221; el_class=&#8221;custom-header&#8221; offset=&#8221;vc_col-xs-offset-12 vc_col-xs-12&#8243;]<div class=\"clearboth\"><\/div><style>#thegem-divider-6a0702bdc44c0 {margin-top: 80px !important;}<\/style><div id=\"thegem-divider-6a0702bdc44c0\" class=\"gem-divider  \" style=\"\" ><\/div><div class=\"clearboth\"><\/div><style>#thegem-divider-6a0702bdc44ec {margin-top: 80px !important;}<\/style><div id=\"thegem-divider-6a0702bdc44ec\" class=\"gem-divider  \" style=\"\" ><\/div>[\/vc_column][\/vc_row][vc_row full_width=&#8221;stretch_row_content_no_spaces&#8221; content_placement=&#8221;middle&#8221; css=&#8221;.vc_custom_1570877429053{margin-top: -160px !important;margin-bottom: 0px !important;padding-top: 0px !important;padding-bottom: 0px !important;}&#8221;][vc_column css=&#8221;.vc_custom_1570706329563{margin-top: 0px !important;margin-bottom: 0px !important;padding-top: 0px !important;padding-bottom: 0px !important;}&#8221;]<div class=\"gem-button-container gem-button-position-center thegem-button-6a0702bdc457f2279    \"  ><a title=\"V\u00eddeos\" class=\"gem-button gem-button-size-medium gem-button-style-outline gem-button-text-weight-normal gem-button-border-2\" data-ll-effect=\"drop-right-without-wrap\" style=\"border-radius: 3px;\" onmouseleave=\"\" onmouseenter=\"\" href=\"http:\/\/www.sembullyingsemviolencia.edu.gov.pt\/?page_id=24805\" target=\"_self\">Ver mais<\/a><\/div> [\/vc_column][\/vc_row][vc_row content_placement=&#8221;middle&#8221; css=&#8221;.vc_custom_1570872494150{margin-top: 50px !important;margin-bottom: 50px !important;border-bottom-width: 0px !important;padding-top: 30px !important;padding-bottom: 30px !important;}&#8221;][vc_column css=&#8221;.vc_custom_1570871067919{margin-top: 0px !important;margin-bottom: 0px !important;padding-top: 0px !important;padding-bottom: 0px !important;}&#8221;][vc_row_inner css=&#8221;.vc_custom_1570872012420{padding-top: 80px !important;}&#8221;][vc_column_inner width=&#8221;1\/2&#8243;][vc_wp_text]<\/p>\n<h5 class=\"quickfinder-item-title\" style=\"text-align: right;\"><em>BULLYING<\/em><\/h5>\n<p style=\"text-align: right;\">Podemos definir <em>bullying<\/em> como um conjunto de comportamentos de car\u00e1cter agressivo, adotados entre pares, de modo intencional e repetido, podendo afetar e causar dano &#8211; a n\u00edvel f\u00edsico, verbal, social\/relacional, psicol\u00f3gico e\/ou sexual &#8211; \u00e0s crian\u00e7as e jovens, envolvidos numa rela\u00e7\u00e3o de desequil\u00edbrio de poder entre o agressor e a v\u00edtima. As v\u00edtimas de <em>bullying<\/em> podem sentir maior tristeza, diminui\u00e7\u00e3o de autoestima, desmotiva\u00e7\u00e3o e baixa de rendimento escolar, perturba\u00e7\u00f5es alimentares e de sono, e maior propens\u00e3o para comportamentos depressivos.<\/p>\n<p>[\/vc_wp_text][\/vc_column_inner][vc_column_inner width=&#8221;1\/2&#8243; css=&#8221;.vc_custom_1570871603357{margin-right: 50px !important;margin-left: 0px !important;padding-right: 0px !important;padding-left: 0px !important;}&#8221;][vc_single_image image=&#8221;25582&#8243; img_size=&#8221;medium&#8221; style=&#8221;vc_box_rounded&#8221;][\/vc_column_inner][\/vc_row_inner][vc_row_inner css=&#8221;.vc_custom_1570903191029{margin-top: 60px !important;margin-left: 7px !important;}&#8221;][vc_column_inner width=&#8221;1\/2&#8243; css=&#8221;.vc_custom_1570871941950{margin-right: 0px !important;padding-right: 60px !important;}&#8221;][vc_single_image image=&#8221;25641&#8243; alignment=&#8221;right&#8221; style=&#8221;vc_box_rounded&#8221;][\/vc_column_inner][vc_column_inner width=&#8221;1\/2&#8243; css=&#8221;.vc_custom_1570903148752{margin-right: 30px !important;margin-left: 5px !important;padding-right: 30px !important;padding-left: 0px !important;}&#8221;][vc_wp_text]<\/p>\n<h5 class=\"quickfinder-item-title\"><em>CIBERBULLYING<\/em><\/h5>\n<div class=\"quickfinder-item-text\">O <em>ciberbullying<\/em> consiste em humilhar, excluir ou at\u00e9 agredir algu\u00e9m, de forma repetitiva e sistem\u00e1tica, atrav\u00e9s de a\u00e7\u00f5es virtuais. S\u00e3o v\u00e1rias as formas de comunica\u00e7\u00e3o, com recurso \u00e0 Internet, que possibilitam este tipo de agress\u00e3o, podendo recorrer a uma variedade de conte\u00fados com essa finalidade como, por exemplo, conte\u00fados de fotografia, de v\u00eddeo, de \u00e1udio ou de texto. As consequ\u00eancias do <em>ciberbullying<\/em> nas v\u00edtimas s\u00e3o id\u00eanticas \u00e0s do <em>bullying<\/em>.<\/div>\n<p>[\/vc_wp_text][\/vc_column_inner][\/vc_row_inner][\/vc_column][\/vc_row][vc_row full_width=&#8221;stretch_row&#8221; css=&#8221;.vc_custom_1572013125082{margin-top: 0px !important;margin-right: 0px !important;margin-bottom: 0px !important;margin-left: 0px !important;padding-top: 0px !important;padding-right: 0px !important;padding-bottom: 0px !important;padding-left: 0px !important;background-image: url(https:\/\/www.sembullyingsemviolencia.edu.gov.pt\/wp-content\/uploads\/2019\/10\/bkg-azul.png?id=25587) !important;}&#8221;][vc_column css=&#8221;.vc_custom_1570706440515{margin-top: 0px !important;margin-bottom: 0px !important;padding-top: 0px !important;padding-bottom: 0px !important;}&#8221;]<div id=\"fullwidth-block-6a0702bdc45bf\" class=\"fullwidth-block clearfix\"  style=\"padding-top: 50px;padding-bottom: 30px;\"><script type=\"text\/javascript\">if (typeof(gem_fix_fullwidth_position) == \"function\") { gem_fix_fullwidth_position(document.getElementById(\"fullwidth-block-6a0702bdc45bf\")); }<\/script><div class=\"fullwidth-block-inner\"><div class=\"container\">[vc_column_text css=&#8221;.vc_custom_1570792067320{margin-right: 0px !important;margin-left: 0px !important;padding-right: 0px !important;padding-left: 0px !important;}&#8221;]<\/p>\n<h1 style=\"text-align: center;\"><span style=\"color: #ffffff;\">ESCOLA SEM BULLYING<\/span><div class=\"clearboth\"><\/div><style>#thegem-divider-6a0702bdc464b {margin-top: 10px !important;}<\/style><div id=\"thegem-divider-6a0702bdc464b\" class=\"gem-divider  \" style=\"\" ><\/div><span style=\"color: #fbdc4b;\"> ESCOLA SEM VIOL\u00caNCIA<\/span><\/h1>\n<p>[\/vc_column_text][vc_column_text css_animation=&#8221;bottom-to-top&#8221; css=&#8221;.vc_custom_1570954577022{padding-right: 5px !important;padding-left: 5px !important;}&#8221;]<\/p>\n<p style=\"font-size: 20px; line-height: 30px; text-align: justify;\"><span style=\"color: #ffffff;\"><strong>O <em>bullying<\/em>, o <em>ciberbullying<\/em> e outras formas de viol\u00eancia s\u00e3o fen\u00f3menos que se registam com uma frequ\u00eancia preocupante nas vidas das crian\u00e7as e jovens, podendo ser devastadores para as v\u00edtimas, e cabe \u00e0 Escola assumir-se como um espa\u00e7o privilegiado na preven\u00e7\u00e3o e combate a todas as formas de viol\u00eancia. O Plano \u201cEscola Sem <em>Bullying<\/em>. Escola Sem Viol\u00eancia\u201d surge como um auxiliar de apoio, com vista \u00e0 utiliza\u00e7\u00e3o de diferentes abordagens de preven\u00e7\u00e3o e interven\u00e7\u00e3o face a este fen\u00f3meno, de modo a incentivar, reconhecer e divulgar pr\u00e1ticas de refer\u00eancia. O Plano deve ser implementado partindo de um diagn\u00f3stico das necessidades; contribuir para a identifica\u00e7\u00e3o de sinais de alerta e incluir um plano de a\u00e7\u00e3o em torno de estrat\u00e9gias e de atividades que sensibilizem para a diversidade de comportamentos agressivos.<\/strong><br \/>\n<\/span>[\/vc_column_text]<style type=\"text\/css\">.thegem-button-6a0702bdc46ac9838 .gem-button svg {fill: #ffffff;}<\/style><div class=\"gem-button-container gem-button-position-center thegem-button-6a0702bdc46ac9838    \"  ><a title=\"Ler Mais\" class=\"gem-button gem-button-size-medium gem-button-style-outline gem-button-text-weight-normal gem-button-border-2\" data-ll-effect=\"drop-right-without-wrap\" style=\"border-radius: 3px;color: #ffffff;\" onmouseleave=\"this.style.color='#ffffff';\" onmouseenter=\"\" href=\"http:\/\/www.sembullyingsemviolencia.edu.gov.pt\/?page_id=25026\" target=\"_self\">Ler mais<\/a><\/div> <\/div><\/div><\/div>[\/vc_column][\/vc_row][vc_row full_width=&#8221;stretch_row&#8221; css=&#8221;.vc_custom_1570196903915{margin-top: 0px !important;margin-bottom: 0px !important;padding-top: 0px !important;padding-bottom: 0px !important;background-position: center !important;background-repeat: no-repeat !important;background-size: cover !important;}&#8221;][vc_column offset=&#8221;vc_col-xs-12&#8243;]<div class=\"centered-box gem-image-centered-box\" ><div class=\"gem-image gem-wrapbox gem-wrapbox-style-default gem-wrapbox-position-centered lazy-loading  thegem-custom-6a0702bdc46e75893\"  style=\"width: 70%;\" ><div class=\"gem-wrapbox-inner  lazy-loading-item\"  data-ll-effect=\"move-up\"><img class=\"gem-wrapbox-element img-responsive\" src=\"https:\/\/www.sembullyingsemviolencia.edu.gov.pt\/wp-content\/uploads\/2019\/09\/20190917-ilustra\u00e7\u00e3o-escola-sem-bullying-c.png\" alt=\"\"\/><\/div><style type=\"text\/css\">.thegem-custom-6a0702bdc46e75893.gem-image a:hover img {filter: brightness( 100% ) contrast( 100% ) saturate( 100% ) blur( 0px ) hue-rotate( 0deg );}<\/style><\/div><\/div>[vc_empty_space height=&#8221;5px&#8221;][vc_column_text]<\/p>\n<h2 style=\"text-align: center;\"><span style=\"color: #fbdc4b;\"><span style=\"color: #000000; size: 40px;\">Juntos podemos fazer a Diferen\u00e7a <\/span><br \/>\n<\/span><\/h2>\n<p>[\/vc_column_text][vc_row_inner equal_height=&#8221;yes&#8221; css=&#8221;.vc_custom_1569505225943{margin-top: 10px !important;margin-right: 0px !important;margin-bottom: 0px !important;margin-left: 0px !important;}&#8221;][vc_column_inner width=&#8221;1\/3&#8243; css=&#8221;.vc_custom_1572013161536{margin-right: 0px !important;margin-left: 0px !important;padding-right: 1px !important;padding-left: 1px !important;background-image: url(https:\/\/www.sembullyingsemviolencia.edu.gov.pt\/wp-content\/uploads\/2019\/10\/bkg-azul.png?id=25587) !important;}&#8221;]<div class=\"centered-box\"><div class=\"gem-icon gem-icon-pack-fontawesome gem-icon-size-medium  gem-icon-shape-circle \"  style=\"margin-bottom: 20px;border-color: #ffffff;opacity: 1;\"><div class=\"gem-icon-inner\" style=\"\"><span class=\"gem-icon-half-1\" style=\"color: #ffffff;\"><span class=\"back-angle\">&#xf19d;<\/span><\/span><span class=\"gem-icon-half-2\" style=\"color: #ffffff;\"><span class=\"back-angle\">&#xf19d;<\/span><\/span><\/div><\/div><\/div>[vc_column_text]<\/p>\n<h3 style=\"text-align: center;\">Alunos<\/h3>\n<p>[\/vc_column_text][vc_column_text]<\/p>\n<ul>\n<li><strong><span style=\"color: #ffffff; font-size: 20px;\">Conta a algu\u00e9m o que se est\u00e1 a passar<br \/>\n<\/span><\/strong><\/li>\n<li><strong><span style=\"color: #ffffff; font-size: 20px;\">N\u00e3o te sintas culpado<br \/>\n<\/span><\/strong><\/li>\n<li><span style=\"color: #000000; font-size: 20px;\"><strong><span style=\"color: #ffffff;\">Evita estar sozinho<\/span><\/strong><br \/>\n<\/span><\/li>\n<\/ul>\n<p>[\/vc_column_text]<div class=\"clearboth\"><\/div><style>#thegem-divider-6a0702bdc4aea {margin-top: 45px !important;}<\/style><div id=\"thegem-divider-6a0702bdc4aea\" class=\"gem-divider  \" style=\"\" ><\/div><style type=\"text\/css\">.thegem-button-6a0702bdc4b537232 .gem-button svg {fill: #ffffff;}<\/style><div class=\"gem-button-container gem-button-position-center thegem-button-6a0702bdc4b537232    \"  ><a title=\"Pais\/Encarregados de Educa\u00e7\u00e3o\" class=\"gem-button gem-button-size-medium gem-button-style-outline gem-button-text-weight-normal gem-button-border-2\" data-ll-effect=\"drop-right-without-wrap\" style=\"border-radius: 3px;color: #ffffff;\" onmouseleave=\"this.style.color='#ffffff';\" onmouseenter=\"\" href=\"http:\/\/www.sembullyingsemviolencia.edu.gov.pt\/?page_id=24754\" target=\"_self\">Ler mais<\/a><\/div> <div class=\"clearboth\"><\/div><div id=\"thegem-divider-6a0702bdc4b79\" class=\"gem-divider  \" style=\"\" ><\/div>[\/vc_column_inner][vc_column_inner width=&#8221;1\/3&#8243; css=&#8221;.vc_custom_1572013199631{margin-right: 5px !important;margin-left: 5px !important;padding-right: 1px !important;padding-left: 1px !important;background-image: url(https:\/\/www.sembullyingsemviolencia.edu.gov.pt\/wp-content\/uploads\/2019\/10\/bkg-laranja-claro.png?id=25588) !important;}&#8221;]<div class=\"centered-box\"><div class=\"gem-icon gem-icon-pack-fontawesome gem-icon-size-medium  gem-icon-shape-circle \"  style=\"margin-bottom: 20px;border-color: #ffffff;opacity: 1;\"><div class=\"gem-icon-inner\" style=\"\"><span class=\"gem-icon-half-1\" style=\"color: #ffffff;\"><span class=\"back-angle\">&#xf0c0;<\/span><\/span><span class=\"gem-icon-half-2\" style=\"color: #ffffff;\"><span class=\"back-angle\">&#xf0c0;<\/span><\/span><\/div><\/div><\/div>[vc_column_text]<\/p>\n<h3 style=\"text-align: center;\">Enc. Educa\u00e7\u00e3o<\/h3>\n<p>[\/vc_column_text][vc_column_text]<\/p>\n<ul>\n<li><span style=\"color: #ffffff;\"><strong><span style=\"font-size: 20px;\">Converse sobre estes temas<\/span><\/strong><\/span><\/li>\n<li><span style=\"color: #ffffff;\"><strong><span style=\"font-size: 20px;\">Esteja atento a sinais de alerta<\/span><\/strong><\/span><\/li>\n<li><span style=\"color: #ffffff;\"><strong><span style=\"font-size: 20px;\">N\u00e3o desvalorize as queixas do seu educando<\/span><\/strong><\/span><\/li>\n<\/ul>\n<p>[\/vc_column_text]<div class=\"clearboth\"><\/div><div id=\"thegem-divider-6a0702bdc4bb2\" class=\"gem-divider  \" style=\"\" ><\/div><style type=\"text\/css\">.thegem-button-6a0702bdc4c1b8081 .gem-button svg {fill: #ffffff;}<\/style><div class=\"gem-button-container gem-button-position-center thegem-button-6a0702bdc4c1b8081    \"  ><a title=\"Pais\/Encarregados de Educa\u00e7\u00e3o\" class=\"gem-button gem-button-size-medium gem-button-style-outline gem-button-text-weight-normal gem-button-border-2\" data-ll-effect=\"drop-right-without-wrap\" style=\"border-radius: 3px;color: #ffffff;\" onmouseleave=\"this.style.color='#ffffff';\" onmouseenter=\"\" href=\"http:\/\/www.sembullyingsemviolencia.edu.gov.pt\/?page_id=24777\" target=\"_self\">Ler mais<\/a><\/div> <div class=\"clearboth\"><\/div><div id=\"thegem-divider-6a0702bdc4c3c\" class=\"gem-divider  \" style=\"\" ><\/div>[\/vc_column_inner][vc_column_inner width=&#8221;1\/3&#8243; css=&#8221;.vc_custom_1572013218676{margin-right: 0px !important;margin-left: 0px !important;padding-right: 1px !important;padding-left: 1px !important;background-image: url(https:\/\/www.sembullyingsemviolencia.edu.gov.pt\/wp-content\/uploads\/2019\/10\/bkg-laranja-escuro.png?id=25589) !important;}&#8221;]<div class=\"centered-box\"><div class=\"gem-icon gem-icon-pack-elegant gem-icon-size-medium  gem-icon-shape-circle \"  style=\"margin-bottom: 20px;border-color: #ffffff;opacity: 1;\"><div class=\"gem-icon-inner\" style=\"\"><span class=\"gem-icon-half-1\" style=\"color: #ffffff;\"><span class=\"back-angle\">&#xe086;<\/span><\/span><span class=\"gem-icon-half-2\" style=\"color: #ffffff;\"><span class=\"back-angle\">&#xe086;<\/span><\/span><\/div><\/div><\/div>[vc_column_text]<\/p>\n<h3 style=\"text-align: center;\">Escolas<\/h3>\n<p>[\/vc_column_text][vc_column_text]<\/p>\n<ul>\n<li><strong><span style=\"color: #ffffff; font-size: 20px;\">Esteja atento a comportamentos agressivos<\/span><\/strong><\/li>\n<li><strong><span style=\"color: #ffffff; font-size: 20px;\">Contacte os encarregados de educa\u00e7\u00e3o<\/span><\/strong><\/li>\n<li><strong><span style=\"color: #ffffff; font-size: 20px;\">D\u00ea a conhecer ao \u00f3rg\u00e3o de gest\u00e3o<\/span><\/strong><\/li>\n<\/ul>\n<p>[\/vc_column_text]<div class=\"clearboth\"><\/div><div id=\"thegem-divider-6a0702bdc4c6c\" class=\"gem-divider  \" style=\"\" ><\/div><style type=\"text\/css\">.thegem-button-6a0702bdc4cc19794 .gem-button svg {fill: #ffffff;}<\/style><div class=\"gem-button-container gem-button-position-center thegem-button-6a0702bdc4cc19794    \"  ><a title=\"Professores\/Auxiliares de a\u00e7\u00e3o Educativa\" class=\"gem-button gem-button-size-medium gem-button-style-outline gem-button-text-weight-normal gem-button-border-2\" data-ll-effect=\"drop-right-without-wrap\" style=\"border-radius: 3px;color: #ffffff;\" onmouseleave=\"this.style.color='#ffffff';\" onmouseenter=\"\" href=\"http:\/\/www.sembullyingsemviolencia.edu.gov.pt\/?page_id=24781\" target=\"_self\">Ler mais<\/a><\/div> <div class=\"clearboth\"><\/div><div id=\"thegem-divider-6a0702bdc4cdf\" class=\"gem-divider  \" style=\"\" ><\/div>[\/vc_column_inner][\/vc_row_inner]<div class=\"clearboth\"><\/div><style>#thegem-divider-6a0702bdc4cee {margin-bottom: 50px !important;}<\/style><div id=\"thegem-divider-6a0702bdc4cee\" class=\"gem-divider  \" style=\"\" ><\/div>[\/vc_column][\/vc_row][vc_row full_width=&#8221;stretch_row_content_no_spaces&#8221; css=&#8221;.vc_custom_1572013236224{margin-bottom: 0px !important;background-image: url(https:\/\/www.sembullyingsemviolencia.edu.gov.pt\/wp-content\/uploads\/2019\/10\/bkg-laranja-claro.png?id=25588) !important;background-position: center !important;background-repeat: no-repeat !important;background-size: cover !important;}&#8221;][vc_column el_class=&#8221;testimonial&#8221;]<div class=\"clearboth\"><\/div><style>#thegem-divider-6a0702bdc4cfb {margin-top: 30px !important;}<\/style><div id=\"thegem-divider-6a0702bdc4cfb\" class=\"gem-divider  \" style=\"\" ><\/div>[vc_column_text css=&#8221;.vc_custom_1571758287489{margin-right: 0px !important;margin-left: 0px !important;padding-right: 0px !important;padding-left: 0px !important;}&#8221;]<\/p>\n<h1 style=\"text-align: center;\"><span style=\"color: #ffffff;\">L\u00c1 NA ESCOLA<\/span><\/h1>\n<p>[\/vc_column_text][vc_basic_grid post_type=&#8221;post&#8221; max_items=&#8221;4&#8243; style=&#8221;load-more&#8221; items_per_page=&#8221;4&#8243; element_width=&#8221;3&#8243; item=&#8221;25774&#8243; btn_title=&#8221;MAIS&#8221; btn_style=&#8221;outline&#8221; btn_color=&#8221;primary&#8221; btn_size=&#8221;lg&#8221; btn_align=&#8221;center&#8221; grid_id=&#8221;vc_gid:1606399716161-95a48398-32b3-5&#8243; taxonomies=&#8221;133&#8243; css=&#8221;.vc_custom_1571759013548{margin-top: 30px !important;margin-right: 30px !important;margin-bottom: 30px !important;margin-left: 30px !important;}&#8221; exclude=&#8221;26551, 26556, 26563, 26672&#8243;]<div class=\"clearboth\"><\/div><style>#thegem-divider-6a0702bdc4d06 {margin-top: 30px !important;}<\/style><div id=\"thegem-divider-6a0702bdc4d06\" class=\"gem-divider  \" style=\"\" ><\/div>[\/vc_column][\/vc_row]<\/p>\n<\/div>","protected":false},"excerpt":{"rendered":"<p>[vc_row full_width=&#8221;stretch_row_content_no_spaces&#8221; full_height=&#8221;yes&#8221; columns_placement=&#8221;top&#8221; content_placement=&#8221;middle&#8221; awb_type=&#8221;video&#8221; awb_image_background_position=&#8221;50% 50%&#8221; awb_video_always_play=&#8221;1&#8243; css=&#8221;.vc_custom_1606399773008{margin-top: 0px !important;margin-bottom: 0px !important;padding-top: 0px !important;padding-bottom: 0px !important;background-position: center !important;background-repeat:&#8230;<\/p>\n","protected":false},"author":1,"featured_media":0,"parent":0,"menu_order":0,"comment_status":"closed","ping_status":"open","template":"","meta":{"footnotes":"","_links_to":"","_links_to_target":""},"class_list":["post-26031","page","type-page","status-publish"],"_links":{"self":[{"href":"https:\/\/www.sembullyingsemviolencia.edu.gov.pt\/index.php?rest_route=\/wp\/v2\/pages\/26031","targetHints":{"allow":["GET"]}}],"collection":[{"href":"https:\/\/www.sembullyingsemviolencia.edu.gov.pt\/index.php?rest_route=\/wp\/v2\/pages"}],"about":[{"href":"https:\/\/www.sembullyingsemviolencia.edu.gov.pt\/index.php?rest_route=\/wp\/v2\/types\/page"}],"author":[{"embeddable":true,"href":"https:\/\/www.sembullyingsemviolencia.edu.gov.pt\/index.php?rest_route=\/wp\/v2\/users\/1"}],"replies":[{"embeddable":true,"href":"https:\/\/www.sembullyingsemviolencia.edu.gov.pt\/index.php?rest_route=%2Fwp%2Fv2%2Fcomments&post=26031"}],"version-history":[{"count":171,"href":"https:\/\/www.sembullyingsemviolencia.edu.gov.pt\/index.php?rest_route=\/wp\/v2\/pages\/26031\/revisions"}],"predecessor-version":[{"id":27135,"href":"https:\/\/www.sembullyingsemviolencia.edu.gov.pt\/index.php?rest_route=\/wp\/v2\/pages\/26031\/revisions\/27135"}],"wp:attachment":[{"href":"https:\/\/www.sembullyingsemviolencia.edu.gov.pt\/index.php?rest_route=%2Fwp%2Fv2%2Fmedia&parent=26031"}],"curies":[{"name":"wp","href":"https:\/\/api.w.org\/{rel}","templated":true}]}}